{"id":58,"date":"2024-04-05T15:48:54","date_gmt":"2024-04-05T13:48:54","guid":{"rendered":"https:\/\/www.karatekayl.lu\/?page_id=58"},"modified":"2024-06-03T22:52:34","modified_gmt":"2024-06-03T20:52:34","slug":"club","status":"publish","type":"page","link":"https:\/\/www.karatekayl.lu\/index.php\/club\/","title":{"rendered":"CLUB"},"content":{"rendered":"<p>[et_pb_section fb_built=&#8221;1&#8243; fullwidth=&#8221;on&#8221; _builder_version=&#8221;4.24.3&#8243; _module_preset=&#8221;default&#8221; background_enable_color=&#8221;off&#8221; background_image=&#8221;https:\/\/www.karatekayl.lu\/wp-content\/uploads\/2024\/04\/bg_page.png&#8221; background_size=&#8221;initial&#8221; background_repeat=&#8221;repeat&#8221; global_colors_info=&#8221;{}&#8221;][et_pb_fullwidth_post_title meta=&#8221;off&#8221; featured_image=&#8221;off&#8221; _builder_version=&#8221;4.24.3&#8243; _module_preset=&#8221;default&#8221; title_font=&#8221;|800|||||||&#8221; title_text_color=&#8221;#E02B20&#8243; background_enable_color=&#8221;off&#8221; custom_margin=&#8221;||||false|false&#8221; custom_padding=&#8221;60px||60px||false|false&#8221; title_text_shadow_style=&#8221;preset5&#8243; title_text_shadow_color=&#8221;#000000&#8243; text_shadow_style=&#8221;preset5&#8243; text_shadow_color=&#8221;#000000&#8243; global_colors_info=&#8221;{}&#8221;][\/et_pb_fullwidth_post_title][\/et_pb_section][et_pb_section fb_built=&#8221;1&#8243; _builder_version=&#8221;4.24.3&#8243; _module_preset=&#8221;default&#8221; global_colors_info=&#8221;{}&#8221;][et_pb_row column_structure=&#8221;1_3,1_3,1_3&#8243; _builder_version=&#8221;4.24.3&#8243; _module_preset=&#8221;default&#8221; global_colors_info=&#8221;{}&#8221;][et_pb_column type=&#8221;1_3&#8243; _builder_version=&#8221;4.24.3&#8243; _module_preset=&#8221;default&#8221; global_colors_info=&#8221;{}&#8221;][et_pb_team_member name=&#8221;Claudine Leyers&#8221; position=&#8221;5e Dan&#8221; image_url=&#8221;https:\/\/www.karatekayl.lu\/wp-content\/uploads\/2024\/04\/photo_2024-04-05_18-34-53.jpg&#8221; _builder_version=&#8221;4.24.3&#8243; _module_preset=&#8221;default&#8221; global_colors_info=&#8221;{}&#8221;][\/et_pb_team_member][\/et_pb_column][et_pb_column type=&#8221;1_3&#8243; _builder_version=&#8221;4.24.3&#8243; _module_preset=&#8221;default&#8221; global_colors_info=&#8221;{}&#8221;][et_pb_text _builder_version=&#8221;4.24.3&#8243; _module_preset=&#8221;default&#8221; global_colors_info=&#8221;{}&#8221;]<\/p>\n<p>Le Chinto Kayl est un club de karat\u00e9 qui pratique le style Wado. Notre club est membre de la FLK (F\u00e9d\u00e9ration Luxembourgeoise de Karate) et de la Wadokai Luxembourg qui elle est reconnue par la WadoKai Japan.<\/p>\n<p>Le club a \u00e9t\u00e9 fond\u00e9 en 1983 par Bichel Fran\u00e7ois et Claudine Leyers qui furent des \u00e9l\u00e8ves de Ma\u00eetre Kamigaito Yoshikazo.<\/p>\n<p>[\/et_pb_text][\/et_pb_column][et_pb_column type=&#8221;1_3&#8243; _builder_version=&#8221;4.24.3&#8243; _module_preset=&#8221;default&#8221; global_colors_info=&#8221;{}&#8221;][et_pb_team_member name=&#8221;Fran\u00e7ois Bichel&#8221; position=&#8221;6e Dan&#8221; image_url=&#8221;https:\/\/www.karatekayl.lu\/wp-content\/uploads\/2024\/06\/IMG_2134.jpeg&#8221; _builder_version=&#8221;4.24.3&#8243; _module_preset=&#8221;default&#8221; hover_enabled=&#8221;0&#8243; global_colors_info=&#8221;{}&#8221; alt=&#8221;Fran\u00e7ois Bichel&#8221; title_text=&#8221;Fran\u00e7ois Bichel&#8221; sticky_enabled=&#8221;0&#8243;][\/et_pb_team_member][\/et_pb_column][\/et_pb_row][\/et_pb_section]<\/p>\n","protected":false},"excerpt":{"rendered":"<p>Le Chinto Kayl est un club de karat\u00e9 qui pratique le style Wado. Notre club est membre de la FLK (F\u00e9d\u00e9ration Luxembourgeoise de Karate) et de la Wadokai Luxembourg qui elle est reconnue par la WadoKai Japan. Le club a \u00e9t\u00e9 fond\u00e9 en 1983 par Bichel Fran\u00e7ois et Claudine Leyers qui furent des \u00e9l\u00e8ves de [&hellip;]<\/p>\n","protected":false},"author":3,"featured_media":0,"parent":0,"menu_order":0,"comment_status":"closed","ping_status":"closed","template":"","meta":{"_et_pb_use_builder":"on","_et_pb_old_content":"","_et_gb_content_width":"","footnotes":""},"class_list":["post-58","page","type-page","status-publish","hentry"],"_links":{"self":[{"href":"https:\/\/www.karatekayl.lu\/index.php\/wp-json\/wp\/v2\/pages\/58","targetHints":{"allow":["GET"]}}],"collection":[{"href":"https:\/\/www.karatekayl.lu\/index.php\/wp-json\/wp\/v2\/pages"}],"about":[{"href":"https:\/\/www.karatekayl.lu\/index.php\/wp-json\/wp\/v2\/types\/page"}],"author":[{"embeddable":true,"href":"https:\/\/www.karatekayl.lu\/index.php\/wp-json\/wp\/v2\/users\/3"}],"replies":[{"embeddable":true,"href":"https:\/\/www.karatekayl.lu\/index.php\/wp-json\/wp\/v2\/comments?post=58"}],"version-history":[{"count":9,"href":"https:\/\/www.karatekayl.lu\/index.php\/wp-json\/wp\/v2\/pages\/58\/revisions"}],"predecessor-version":[{"id":305,"href":"https:\/\/www.karatekayl.lu\/index.php\/wp-json\/wp\/v2\/pages\/58\/revisions\/305"}],"wp:attachment":[{"href":"https:\/\/www.karatekayl.lu\/index.php\/wp-json\/wp\/v2\/media?parent=58"}],"curies":[{"name":"wp","href":"https:\/\/api.w.org\/{rel}","templated":true}]}}

<p>[et_pb_section fb_built=&#8221;1&#8243; fullwidth=&#8221;on&#8221; _builder_version=&#8221;4.24.3&#8243; _module_preset=&#8221;default&#8221; background_enable_color=&#8221;off&#8221; background_image=&#8221;https://www.karatekayl.lu/wp-content/uploads/2024/04/bg_page.png&#8221; background_size=&#8221;initial&#8221; background_repeat=&#8221;repeat&#8221; global_colors_info=&#8221;{}&#8221;][et_pb_fullwidth_post_title meta=&#8221;off&#8221; featured_image=&#8221;off&#8221; _builder_version=&#8221;4.24.3&#8243; _module_preset=&#8221;default&#8221; title_font=&#8221;|800|||||||&#8221; title_text_color=&#8221;#E02B20&#8243; background_enable_color=&#8221;off&#8221; custom_margin=&#8221;||||false|false&#8221; custom_padding=&#8221;60px||60px||false|false&#8221; title_text_shadow_style=&#8221;preset5&#8243; title_text_shadow_color=&#8221;#000000&#8243; text_shadow_style=&#8221;preset5&#8243; text_shadow_color=&#8221;#000000&#8243; global_colors_info=&#8221;{}&#8221;][/et_pb_fullwidth_post_title][/et_pb_section][et_pb_section fb_built=&#8221;1&#8243; _builder_version=&#8221;4.24.3&#8243; _module_preset=&#8221;default&#8221; global_colors_info=&#8221;{}&#8221;][et_pb_row column_structure=&#8221;1_3,1_3,1_3&#8243; _builder_version=&#8221;4.24.3&#8243; _module_preset=&#8221;default&#8221; global_colors_info=&#8221;{}&#8221;][et_pb_column type=&#8221;1_3&#8243; _builder_version=&#8221;4.24.3&#8243; _module_preset=&#8221;default&#8221; global_colors_info=&#8221;{}&#8221;][et_pb_team_member name=&#8221;Claudine Leyers&#8221; position=&#8221;5e Dan&#8221; image_url=&#8221;https://www.karatekayl.lu/wp-content/uploads/2024/04/photo_2024-04-05_18-34-53.jpg&#8221; _builder_version=&#8221;4.24.3&#8243; _module_preset=&#8221;default&#8221; global_colors_info=&#8221;{}&#8221;][/et_pb_team_member][/et_pb_column][et_pb_column type=&#8221;1_3&#8243; _builder_version=&#8221;4.24.3&#8243; _module_preset=&#8221;default&#8221; global_colors_info=&#8221;{}&#8221;][et_pb_text _builder_version=&#8221;4.24.3&#8243; _module_preset=&#8221;default&#8221; global_colors_info=&#8221;{}&#8221;]</p>
<p>Le Chinto Kayl est un club de karaté qui pratique le style Wado. Notre club est membre de la FLK (Fédération Luxembourgeoise de Karate) et de la Wadokai Luxembourg qui elle est reconnue par la WadoKai Japan.</p>
<p>Le club a été fondé en 1983 par Bichel François et Claudine Leyers qui furent des élèves de Maître Kamigaito Yoshikazo.</p>
<p>[/et_pb_text][/et_pb_column][et_pb_column type=&#8221;1_3&#8243; _builder_version=&#8221;4.24.3&#8243; _module_preset=&#8221;default&#8221; global_colors_info=&#8221;{}&#8221;][et_pb_team_member name=&#8221;François Bichel&#8221; position=&#8221;6e Dan&#8221; image_url=&#8221;https://www.karatekayl.lu/wp-content/uploads/2024/06/IMG_2134.jpeg&#8221; _builder_version=&#8221;4.24.3&#8243; _module_preset=&#8221;default&#8221; hover_enabled=&#8221;0&#8243; global_colors_info=&#8221;{}&#8221; alt=&#8221;François Bichel&#8221; title_text=&#8221;François Bichel&#8221; sticky_enabled=&#8221;0&#8243;][/et_pb_team_member][/et_pb_column][/et_pb_row][/et_pb_section]</p>

<p>Le Chinto Kayl est un club de karaté qui pratique le style Wado. Notre club est membre de la FLK (Fédération Luxembourgeoise de Karate) et de la Wadokai Luxembourg qui elle est reconnue par la WadoKai Japan. Le club a été fondé en 1983 par Bichel François et Claudine Leyers qui furent des élèves de [&hellip;]</p>
